pose -13 = -m - g. What is the remainder when 26 is divided by m?
8
Let i(p) = -206*p + 12. Calculate the remainder when i(-1) is divided by 44.
42
Let a = 45 + -20. Suppose -43 = -5*s - 2*h, -4*h + 7*h = -2*s + 15. Calculate the remainder when a is divided by s.
7
Let p be -20*((-63)/15 - -3). Let k = p + -13. Calculate the remainder when k is divided by 6.
5
Let u(b) = 13*b**2 + 4*b - 6. Let l be u(4). Calculate the remainder when (-2)/(-6)*(l - -1) is divided by 25.
23
Let b(u) = 2*u - 2. Let d = -49 + 52. What is the remainder when b(3) is divided by d?
1
Let v(q) = q - 1. Let l(b) = 1. Let f(w) = l(w) - v(w). Let i be f(6). What is the remainder when 10 is divided by (-2)/i*48/4?
4
Suppose 17*q - 15*q = 60. What is the remainder when q is divided by 16?
14
Suppose -2*n = 4*q + 2*n - 72, 0 = -4*q - n + 60. Calculate the remainder when 41 is divided by q.
13
Suppose b - 5*a + 2 = -6, 5*b - 20 = 5*a. Calculate the remainder when 27 is divided by b.
6
Let k = -5 - 1. Let c = 28 + k. What is the remainder when c is divided by 12?
10
Let p be ((-8)/(-16))/((-2)/(-24)). Suppose -40 = -l + p. Suppose 3*x + 14 = 62. What is the remainder when l is divided by x?
14
Suppose 4*y + 8 = 8*y. Suppose -4*o + 24 = -3*q, y*o - 5 - 7 = -q. Suppose i + 5*x + 14 = 0, -2*i - x + 17 = -0*i. What is the remainder when i is divided by o?
5
Suppose 10 = n - 5*p - 8, -n - 4*p - 9 = 0. Let t = -8 + 9. What is the remainder when n is divided by t?
0
Suppose -40*a + 35*a + 30 = 0. Let f be 4/(2/(3 + -1)). Suppose -f*s + 5*s - 15 = 0. What is the remainder when s is divided by a?
3
Let c = -71 - -106. What is the remainder when 102 is divided by c?
32
Let d = 170 - 153. Calculate the remainder when 32 is divided by d.
15
Let y(j) = j**2 - 2. Let o be y(0). Calculate the remainder when (-60)/o + -1*1 is divided by 10.
9
Suppose 0 = -5*l + 10, -3*l = 4*i - 43 - 43. Let y be (2 - 42/15)*-5. Suppose 3*r + 9 = 0, r - 2*r - 239 = -y*w. What is the remainder when w is divided by i?
19
Let g(c) = 2*c**2 + 11*c + 10. Suppose -h = 2*a + 10, 5*a = h - 4*h - 27. Let n(s) = -s**2 - 6*s + 3. What is the remainder when g(-7) is divided by n(h)?
9
Let w = -12 - -34. Suppose g = 41 - 2. Suppose -5*i + 21 = -g. What is the remainder when w is divided by i?
10
Let b(p) = 12*p**2 + 11*p + 24. Calculate the remainder when b(-2) is divided by 13.
11
Suppose -45 = 3*y - 3*h, -2*h = -3*h + 2. Let v = y + 24. Let z = 12 + 20. Calculate the remainder when z is divided by v.
10
Calculate the remainder when 79 is divided by -4 - 1*-1*20.
15
Let b = 45 + -31. Calculate the remainder when 0 + -2 + 41 - -2 is divided by b.
13
Let x be ((-2)/(-3))/(3/(-18)). Let w be 2*(30/x - -1). Let s = w - -36. Calculate the remainder when s is divided by 12.
11
Let w(d) = -d - 3. Let t be w(-6). What is the remainder when 46 is divided by t + 0 + 3 + 10?
14
Suppose 3*n - 11 = -4*h + 198, 0 = 4*n + 2*h - 272. Suppose -2*m = -4*m - 4. What is the remainder when n is divided by (m/(-6))/(5/255)?
16
Suppose -5*y + 3*y - 13 = -g, 5 = -y. Let h = 16 - 9. Calculate the remainder when h is divided by g.
1
Let n(g) = -38*g + 7. Let w(h) = 57*h - 11. Let i(q) = 8*n(q) + 5*w(q). What is the remainder when i(-2) is divided by 14?
11
Suppose -2*u = 5*f - 116, -4*u + 2*f + 232 = -f. Let b = 109 - u. Calculate the remainder when b is divided by 18.
15
Let p be (-4 + 9)*(-4)/5. Let w = -3 - p. What is the remainder when 2 is divided by w?
0
Suppose 4*b = 139 + 9. Let s = 40 + -27. What is the remainder when b is divided by s?
11
Let n(h) = h**3 + 8*h**2 + 6*h + 8. Let t = 91 + -48. Calculate the remainder when t is divided by n(-7).
13
Let w(n) = -21*n**3 + n - 1. Let c be w(1). Suppose -4*z + 0*z + 40 = 4*v, z + 38 = 3*v. Calculate the remainder when v is divided by (c/(-6))/(1/2).
5
Let t(b) = 52*b + 2. Calculate the remainder when t(1) is divided by 22.
10
Suppose -3*w = 2*a - 12, 4*a + a - w - 64 = 0. Calculate the remainder when 30 is divided by a.
6
Let v = -93 - -132. Calculate the remainder when v is divided by 6.
3
Suppose -9 - 6 = -t. Calculate the remainder when 74 is divided by t.
14
Let p(n) = n + 9. Suppose 3*c = g + 5, -5*g + c + 39 = 2*c. What is the remainder when g is divided by p(-4)?
2
Suppose 3*b + 3*g - 42 = 0, 2*g = -b + 1 + 8. Calculate the remainder when 129 is divided by b.
15
Suppose -5*g + g + 44 = 0. What is the remainder when g is divided by 6?
5
Suppose 5*n = 17 + 8. Suppose -5 = -2*p - 3*p, 2*w - 9 = -5*p. Calculate the remainder when n is divided by w.
1
Suppose 2 + 10 = 4*d. What is the remainder when d is divided by 2?
1
Let k(l) = l**3 + 9*l**2 - 26*l - 21. What is the remainder when 43 is divided by k(-11)?
20
Let k(b) = -b**3 - 18*b**2 - 2*b - 32. What is the remainder when 18 is divided by k(-18)?
2
Suppose -2*h - 5*b = h - 67, h - b = 17. Suppose 5*d = 54 - h. Suppose -2*m = 2*m - 52. What is the remainder when m is divided by d?
6
Suppose -4*v + 26 = -2*v. Let x be ((-24)/(-15))/((-6)/(-45)). Let p = x - 7. What is the remainder when v is divided by p?
3
Suppose 0*o + 3*o - 4*b - 85 = 0, b = 3*o - 73. Suppose -4*j + 162 + 18 = 0. What is the remainder when j is divided by o?
22
Let u = 5 - -10. Let l = u - 2. Calculate the remainder when l is divided by 5.
3
Suppose 0 = c - 6*c + 70. What is the remainder when c is divided by (2/5)/((-3)/(-60))?
6
Let g(q) = -q**2 + q + 4. Let s(w) = -8*w - 1. Suppose 2*f - 5*a + 22 = 0, -3*f = 2*a - 3 - 2. Calculate the remainder when s(f) is divided by g(0).
3
Suppose 5*k - 241 + 91 = 0. Let c = -88 + 175. What is the remainder when c is divided by k?
27
Let h(z) = 2*z**2 - 8*z + 11. What is the remainder when h(7) is divided by 14?
11
Let i(l) = -l**3 + 8*l**2 - 6*l + 7. What is the remainder when 27 is divided by i(7)?
13
Let k(w) = -2*w**3 + 122*w**2 + 3*w**3 + 9*w + 3 - 130*w**2. Calculate the remainder when (49/(-4))/((-3)/12) is divided by k(7).
15
Suppose 5*s = -0*s + 465. Suppose 3*w - s = -0*w. What is the remainder when w is divided by 17?
14
Suppose 4*f = 5*x + 97, -4*x + 5 = f - 14. Calculate the remainder when f is divided by -3 - -5*(1 - -2).
11
Suppose 4*k - 5*k + 10 = 0. Let c(t) = -7*t. What is the remainder when c(-4) is divided by k?
8
Let j(k) = 46*k**2 + 2*k - 1. Calculate the remainder when j(-2) is divided by 26.
23
Suppose -7*j + 33 = -4*j. What is the remainder when 30 is divided by j?
8
Suppose 4*s - 2*j = -0*s + 880, 5*s = -2*j + 1109. Calculate the remainder when s is divided by 37.
36
Suppose -5 = 4*f + f, -6 = -4*r - 2*f. Calculate the remainder when 6 is divided by r.
0
Suppose -5*i - 5*o + 0*o = -60, -2*i - 3*o = -21. Suppose -30 = -2*u - u - 2*x, 0 = 4*x - 12. What is the remainder when i is divided by u?
7
Suppose -7*p + 242 = -5*p. Suppose 0 = 4*i + 3*l - p, -3*i + 3*l + 44 = -31. Suppose 0*h + 30 = 2*h. Calculate the remainder when i is divided by h.
13
Let k(s) = -2*s - 2. Suppose 4*z - 22 = 3*a, 4*z - 18 = z + 3*a. Suppose 0 = -2*m - z. Calculate the remainder when 5 is divided by k(m).
1
Suppose -x = -4*x + 51. What is the remainder when 46 is divided by x?
12
Suppose -m + 25 = 4*m. Let t = -6 + m. What is the remainder when (-2 + -1)/(t/5) is divided by 8?
7
Suppose 5*y + 49 = -151. Let q = -21 - y. Calculate the remainder when q is divided by 10.
9
Suppose 2 = 4*r + 6. Calculate the remainder when (-73 + -1)/(r - 1) is divided by 10.
7
Suppose -49 = -4*p - 3*m, 2*p - 6*p + 4*m + 84 = 0. Let h = -5 - -14. Calculate the remainder when p is divided by h.
7
Suppose 0 = 5*i - 147 - 53. What is the remainder when 157 is divided by i?
37
Suppose 2*q = -2*q + 64. What is the remainder when q is divided by 6?
4
Let x(d) = -23*d - 2. Let y be x(-3). Let l = y + -46. What is the remainder when l is divided by 11?
10
Let a(m) = -23*m + 11. Let o(p) = -6*p + 3. Let n(s) = 6*a(s) - 22*o(s). Let b(w) = 2*w**2 + 8*w + 6. Calculate the remainder when n(-5) is divided by b(-5).
14
Let b(a) = a**2 - 2*a. Let c(r) be the second derivative of r**3/2 - r**2 + 3*r. What is the remainder when c(2) is divided by b(3)?
1
Suppose 2*k - 7 = 9. Let d(i) = i**2 - 6*i. Calculate the remainder when d(k) is divided by 6.
4
Let k = -19 - -19. Let g(p) be the second derivative of -p**4/12 - p**3/6 + 19*p**2/2 - p. Calculate the remainder whe